termine w(135).
-1041
Let w(k) = -1178*k + 7095. Give w(6).
27
Let y(p) = -757*p + 246792. What is y(326)?
10
Let n(f) = 1704*f**2 - 329*f - 331. What is n(-1)?
1702
Let n(l) = 2*l**2 - 56*l - 39. What is n(28)?
-39
Let a(x) = -2*x**3 - 72*x**2 + 306*x - 1004. Determine a(-40).
-444
Let c(n) = -14*n**3 - n**2 - 139*n - 282. Determine c(-2).
104
Let x(l) = -l**3 + 24*l**2 - 94*l + 537. Determine x(22).
-563
Let b(m) = -5*m**3 + 778*m**2 + 172*m + 21839. Determine b(156).
-1
Let r(x) = 21*x**2 + 8367*x + 28448. Calculate r(-395).
8
Let l(y) = 28532*y - 57135. Determine l(2).
-71
Let j(x) = 141*x + 22651. Calculate j(-161).
-50
Let q(f) = -2*f**3 + 47*f**2 + 258*f - 123. Calculate q(28).
45
Let u(t) = 2*t**3 - t**2 + 116*t + 719. Give u(-5).
-136
Let k(d) = -14*d**2 + 68*d - 401. Give k(5).
-411
Let j(s) = 17*s**2 - 2479*s - 2691. Calculate j(147).
249
Let s(g) = -5*g**2 - 116*g - 235. Give s(-21).
-4
Let d(n) = 448*n**2 - 45246*n - 206. What is d(101)?
-4
Let g(y) = 995*y + 44281. Calculate g(-45).
-494
Let n(m) = 20*m**2 + 212*m - 8. What is n(-4)?
-536
Let w(h) = -123*h**2 - 781*h - 1556. Determine w(-2).
-486
Let p(r) = -4138*r - 30494. Determine p(-8).
2610
Let f(o) = 148*o**2 + 291*o - 866. Determine f(3).
1339
Let g(r) = 3*r**3 - 3*r**2 - 3050*r + 2139. Give g(32).
-229
Let d(i) = 24*i**3 - 33*i**2 - 120*i + 509. Determine d(-6).
-5143
Let z(s) = -29073*s - 319811. Calculate z(-11).
-8
Let w(o) = 8*o**2 + 1988*o - 49965. Determine w(23).
-9
Let b(x) = -609024*x - 12180499. Determine b(-20).
-19
Let c(d) = 2*d**3 - 405*d**2 + 216*d - 2800. Give c(202).
28
Let y(b) = 2271*b - 6667. Determine y(3).
146
Let i(d) = 194*d**2 + 10687*d + 905. Determine i(-55).
-30
Let v(u) = 2*u**3 - 139*u**2 - 5091*u + 296. What is v(96)?
8
Let a(r) = r**3 - 3167*r - 9500. Give a(-3).
-26
Let w(p) = 1403*p - 6988. Calculate w(6).
1430
Let m(o) = -o**2 + 9657*o + 96571. Give m(-10).
-99
Let a(j) = -458*j - 21118. What is a(-46)?
-50
Let c(x) = 116*x**2 + 714*x + 109. Determine c(-6).
1
Let v(k) = k**3 - 137*k**2 - 12329*k + 567. What is v(-62)?
9
Let k(y) = -5606*y + 616687. Determine k(110).
27
Let r(n) = 6*n**3 + 73*n**2 - 113*n - 1491. Give r(-12).
9
Let b(s) = -149*s + 3252. Determine b(22).
-26
Let g(b) = 4*b**2 + 59*b - 626. Give g(8).
102
Let p(j) = 311*j + 337. Determine p(-3).
-596
Let a(f) = -26*f**2 + 673*f + 4020. Calculate a(-5).
5
Let p(d) = -d**2 + 6259*d - 43822. Give p(7).
-58
Let d(z) = -3*z**3 + 611*z**2 - 2399*z + 158992. What is d(201)?
1
Let q(g) = 9577*g - 3284915. Determine q(343).
-4
Let i(f) = -3*f**2 - 1632*f - 120387. Calculate i(-456).
-3
Let t(k) = -k**2 + 23937*k - 1956107. Give t(82).
3
Let y(z) = -6*z**3 - 226*z**2 + 71*z + 8099. What is y(-37)?
-4
Let n(v) = 20377*v + 366978. Give n(-18).
192
Let z(o) = -8*o**2 - 3743*o + 102726. Determine z(26).
0
Let k(o) = 24*o**2 + 627*o + 6510. Give k(-10).
2640
Let t(d) = 4*d**2 - 173*d - 602. What is t(47)?
103
Let c(s) = -45*s**2 + 711*s + 204. What is c(15)?
744
Let j(g) = -2*g**2 + 111139*g - 111138. Determine j(1).
-1
Let g(v) = v**2 - 603*v + 24515. Calculate g(43).
435
Let b(o) = -6*o**2 + 431*o + 6631. Calculate b(-13).
14
Let z(p) = 12*p**2 - 353*p + 1681. Determine z(6).
-5
Let c(h) = 2*h**2 + 51*h - 216. Give c(7).
239
Let v(h) = h**3 - 428*h**2 + 4842*h - 1885197. Determine v(427).
8
Let k(v) = 2*v**2 - 193*v + 2889. Give k(78).
3
Let h(r) = 7*r**3 + 143*r**2 - 13946*r - 98. Determine h(-56).
14
Let n(w) = 11*w**2 + 7430*w + 941512. Determine n(-169).
13
Let h(z) = -25*z**2 - 776*z - 293. Give h(-31).
-262
Let w(z) = -2*z**3 - 14*z**2 + 171*z - 332. Calculate w(2).
-62
Let n(i) = 7307*i + 43474. Give n(-6).
-368
Let s(j) = 135*j**2 - 730*j + 276. Give s(5).
1
Let k(l) = -6*l**2 + 12799*l - 280766. Determine k(2111).
-3
Let f(w) = -7*w**2 - 401*w - 4716. Give f(-41).
-42
Let v(t) = -t**3 + 45*t**2 - 702*t + 31579. Calculate v(45).
-11
Let z(j) = j**2 - 348*j + 26796. Calculate z(236).
364
Let n(r) = 18*r**2 - 7445*r + 44014. Calculate n(6).
-8
Let z(d) = -6*d**3 + 139*d**2 - 298*d + 70. What is z(21)?
-455
Let x(o) = -2*o**3 + 73*o**2 + 309*o + 52. What is x(40)?
1212
Let n(c) = -6*c**2 + 13292*c - 1847297. Give n(149).
5
Let g(u) = -1690*u**2 - 16843*u + 27. Give g(-10).
-543
Let g(p) = -84*p**2 - 648*p + 53. What is g(-8)?
-139
Let k(w) = 9*w**2 + 1532*w + 183. Calculate k(-170).
-157
Let f(i) = 4*i**2 - 399*i - 203306. Give f(-181).
-43
Let s(h) = 108*h**2 + 899*h + 266. What is s(-8)?
-14
Let c(q) = -q**3 - 59*q**2 + 270*q - 89. Calculate c(4).
-17
Let l(i) = -i**3 - 29*i**2 - 105*i - 2184. Determine l(-28).
-28
Let f(s) = 388*s + 773. Calculate f(-2).
-3
Let n(m) = 16*m**2 + 373*m - 1265. Determine n(-29).
1374
Let l(c) = -84*c + 4016. What is l(55)?
-604
Let r(j) = -2*j**3 + 10*j**2 + 27*j - 33. Give r(-4).
147
Let o(n) = 2*n**2 - 6335*n + 2166453. What is o(390)?
3
Let f(h) = -11*h**3 + 2430*h**2 + 241*h - 3796. Determine f(221).
624
Let o(h) = 2492*h + 9992. Determine o(-4).
24
Let j(s) = -111*s**2 - 1176*s + 735. What is j(-11)?
240
Let j(t) = -77*t + 977. Calculate j(-25).
2902
Let u(l) = -22*l**3 + 206*l**2 + 181*l - 458. Give u(10).
-48
Let h(y) = -18517*y + 407378. What is h(22)?
4
Let h(b) = -3*b**3 + 719*b**2 + 246*b - 1597. Determine h(240).
-157
Let z(r) = -701468*r - 18939636. Calculate z(-27).
0
Let g(x) = -159*x - 1512. Calculate g(-3).
-1035
Let f(n) = 57*n**2 - 1239*n + 2996. What is f(19)?
32
Let i(b) = -b**3 - 404*b + 88. What is i(0)?
88
Let r(k) = -2*k**2 + 10613*k - 452656. What is r(43)?
5
Let z(d) = 6*d**3 - 13*d**2 + 614*d + 5457. What is z(-6)?
9
Let c(q) = -36431*q - 36526. Determine c(-1).
-95
Let z(x) = x**3 + 83*x**2 - 243*x + 1600. Determine z(-86).
310
Let y(x) = -173*x + 49847. Calculate y(288).
23
Let d(o) = -344737*o + 6894721. Give d(20).
-19
Let u(m) = -14466*m - 72302. Determine u(-5).
28
Let k(y) = 9*y**3 - 19*y**2 + 1. What is k(-4)?
-879
Let d(v) = 7*v**3 - 390*v**2 - 118*v + 332. Give d(56).
-4
Let h(f) = -13*f**2 - 2*f + 510. What is h(-10)?
-770
Let k(p) = -30*p**2 - 6*p + 456. Give k(-4).
0
Let g(r) = r**2 + 370*r + 13496. Determine g(-41).
7
Let u(c) = 2*c**3 - 5*c**2 - 10*c + 109. Calculate u(-6).
-443
Let y(z) = -18*z**2 + 57*z - 97. Determine y(10).
-1327
Let u(q) = 1035*q - 582. Determine u(2).
1488
Let s(c) = c**3 - 23*c**2 + 5*c + 619. Give s(21).
-158
Let z(t) = 330*t + 2650. Determine z(-8).
10
Let v(g) = g**3 - 130*g**2 - 256*g - 1059. Give v(132).
-3
Let s(u) = -258*u - 817. Give s(-10).
1763
Let v(w) = -w**2 + 113*w + 1609. Determine v(122).
511
Let h(b) = -7541*b - 29818. What is h(-4)?
346
Let n(v) = -v**2 - 912*v - 79067. Calculate n(-97).
-12
Let v(l) = -2*l**2 + 3584*l + 574281. Give v(-148).
41
Let u(a) = 3*a**2 + 407*a + 3201. What is u(-124)?
-1139
Let t(f) = 5*f**3 + 38*f**2 + 232*f - 92. Determine t(-6).
-1196
Let u(s) = s**3 + 73*s**2 + 198*s - 327. What is u(-70)?
513
Let g(f) = 1026*f - 55346. Determine g(54).
58
Let g(x) = -934*x - 3777. Calculate g(-4).
-41
Let q(c) = -c**3 + 4*c**2 + 1237*c + 44. Determine q(-33).
-484
Let j(x) = 3568*x - 831333. What is j(233)?
11
Let i(r) = -3*r**2 - 434*r + 56683. What is i(83)?
-6
Let l(y) = y**3 + 140*y**2 - 2309*y + 2740. Calculate l(-155).
260
Let t(j) = 2*j**2 + 174*j - 3397. Determine t(15).
-337
Let c(b) = -108*b + 8161. Calculate c(74).
169
Let r(h) = -69*h**2 - 200*h + 107. Determine r(-6).
-1177
Let l(y) = y**2 + 8938*y - 803408. What is l(89)?
-5
Let l(t) = 34*t**2 - 1108*t - 504. Determine l(33).
-42
Let x(u) = -u**3 - 15*u**2 - 428*u - 6385. Calculate x(-15).
35
Let o(d) = d**3 + 18*d**2 + 118*d + 303. What is o(-6)?
27
Let i(f) = -2199*f + 11049. Give i(5).
54
Let q(y) = -y**2 - 140*y + 4201. Give q(-166).
-115
Let k(g) = -6*g**2 - 1251*g - 28372. Calculate k(-26).
98
Let o(f) = 28*f**3 + 415*f**2 - 72*f + 33. Determine o(-15).
-12
Let g(q) = q**3 - 220*q**2 + 1510*q - 3885. What is g(213)?
162
Let s(h) = -h**3 - 59*h**2 + 566*h + 1940. Calculate s(-67).
-70
Let a(g) = -g**2 + 23855*g - 262309. Determine a(11).
-25
Let k(g) = g**2 - 691*g + 87475. What is k(167)?
-33
Let r(j) = -3*j**3 - 210*j**2 - 129*j - 9027. What is r(-70)?
3
Let o(x) = -13*x**2 + 6823*x + 91935. Give o(538).
-63
Let q(b) = -b**3 + 17*b**2 - 49*b + 1109. What is q(14)?
1011
Let